280, 5*w - 485 = 5*s. Let o = 44 - w. Let z = o - -93. List the prime factors of z.
2, 3
Let f = -245 - -441. Let x be ((-9)/12)/((-21)/f). Suppose -x*b + 5*b = -26. List the prime factors of b.
13
Let x = 6 + -5. Suppose -16 = -5*s + 3*t, -1 = t + x. Suppose -s*y - y = -54. List the prime factors of y.
2, 3
Let t = -8220 - -14012. What are the prime factors of t?
2, 181
Let k(g) = g**3 - 14*g**2 + 12*g + 13. Suppose c + 2 - 1 = 0, -5*a + 2*c = -67. Let j be k(a). Suppose 7*b - 363 - 22 = j. What are the prime factors of b?
5, 11
Let t(m) = m**3 + 12*m**2 + 4*m - 8. Let y = -135 + 125. List the prime factors of t(y).
2, 19
Suppose y = 2, -r = 2*r + y - 2. Let n = 0 + 6. Suppose 3*b - n - 21 = r. What are the prime factors of b?
3
Let d(h) = h**2 + h - 1. Let c(o) = -4*o**2 + 2*o + 11. Let t(n) = c(n) + 5*d(n). Let g be t(-7). Let r = -2 + g. List the prime factors of r.
2
Let g(w) = 3*w. Let n be g(0). Suppose z - 6 = -n*z. Let m(j) = 2*j**2 - 7*j + 7. List the prime factors of m(z).
37
Let b = -290 + 505. Suppose -6*x + 415 + b = 0. List the prime factors of x.
3, 5, 7
Suppose -l + 14 = 2*y, l + 50 = 5*y - 4*l. Suppose 4*v + 3*n - 17 = 9, 4*n = -y. Let m(g) = 2*g - 5. What are the prime factors of m(v)?
11
Let j(g) = -g**2 + 3. Let m be j(-3). Let w be -47*(5/10 - (-4)/8). Let q = m - w. What are the prime factors of q?
41
Let z(w) = -w + 13. Let k be z(6). Let r be (k/21)/((-2)/258). Let i = r + 77. What are the prime factors of i?
2, 17
Let l(p) = p**3 - 3*p**2 + p + 2. Let v(u) = -u + 6. Let g(r) = r**2 - 16*r + 18. Let z be g(15). Let j be v(z). List the prime factors of l(j).
5
Suppose 0 = 18*x - 2735 - 1027. What are the prime factors of x?
11, 19
Suppose -3*p + 8*p = 15. Suppose -p*f = -100 - 197. What are the prime factors of f?
3, 11
Let u = 4572 - 3165. What are the prime factors of u?
3, 7, 67
Let h(i) = -i**2 + i - 3. Let c be h(3). Let u = c + 7. Let y = u + 19. List the prime factors of y.
17
List the prime factors of -8*(28/(-7) - 4).
2
Let p(w) = 233*w**2 - 3*w - 1. What are the prime factors of p(2)?
5, 37
Suppose -4 = -3*f + 8. Suppose -v + 12 = f*a, 0*v = -3*a + 5*v + 9. Suppose 0 = 4*x - 5*u - 212, -a*x + 5*u + 90 = -74. What are the prime factors of x?
2, 3
Let v = 72 + -115. List the prime factors of 7/((-35)/v) + (-4)/(-10).
3
Let l(p) = -p**2 - 2*p + 115. Let g be l(0). Let k = 246 - g. What are the prime factors of k?
131
List the prime factors of ((-4)/(-3))/(8/8268).
2, 13, 53
List the prime factors of -16 - (-281805)/120 - 3/8.
2, 11, 53
Let t(z) = -4*z - 17. Let l be t(-9). Suppose -j + 69 = 4*j - u, -j - 5*u + l = 0. List the prime factors of j.
2, 7
Suppose 0 = 23*g - 25*g + 350. Suppose -5*k = -4*p - g, 2*k = 2*p + 26 + 46. What are the prime factors of k?
31
What are the prime factors of ((-30)/18 - -3)*18/4?
2, 3
Let r = 10 + -8. Suppose 2 = -2*i + r*d, -4*i = 5*d - 2*d - 17. Suppose a + a = -i*t + 24, 2*a + 4*t = 18. What are the prime factors of a?
3, 5
Suppose -59*q + 459754 = 75*q. What are the prime factors of q?
47, 73
Suppose -23582 - 8888 = -34*i. What are the prime factors of i?
5, 191
Suppose 5*u - 15 = 0, 8*b + 114 = 9*b - 3*u. List the prime factors of b.
3, 41
Suppose -2*n = 2*w + 317 - 1439, -w = -3*n - 549. What are the prime factors of w?
2, 3, 31
Let k(u) = 55*u - 69. List the prime factors of k(6).
3, 29
Let r = -703 + 1105. What are the prime factors of r?
2, 3, 67
Let l be ((-46)/(-5))/(1/10). Let f = -767 + 771. Suppose f*b = 4*o + l, 5*b - 115 = -0*b + 4*o. List the prime factors of b.
23
Let u(h) = 22*h. Let d be u(-1). Let w = -21 - d. What are the prime factors of (w - 21)*5/(-2)?
2, 5
Suppose 2*r - 47 = -5*o - 402, 5*o + 5*r = -355. Let k be (-533)/(-5) + (-22)/(-55). Let i = k + o. What are the prime factors of i?
2, 3
Let j(n) = -n**3 - n**2 + 3*n. Let a be j(-4). Let l be ((-4)/(-6))/(6/a). Suppose x + 3*x = -l*o + 148, -o - 3*x = -45. List the prime factors of o.
3, 11
Suppose -7 = w - 20. Let z = w + -3. List the prime factors of (z/(-6))/(8/(-240)).
2, 5
Suppose -1 = -2*y + 5. Suppose 2*l + 4*w + 155 = 417, -5*l - y*w + 662 = 0. What are the prime factors of l?
7, 19
Suppose -3 = 3*o, 4*b + 5*o = 9*b - 17295. List the prime factors of b.
2, 7, 13, 19
What are the prime factors of (0 + -167)/((18/(-24))/3)?
2, 167
Suppose -5*y = 3*d - 18, -d - 2*y + 17 = -4*y. Let x be (12 - d)/(2/(-8)). What are the prime factors of -3 - ((-62 - x) + -1)?
2, 7
Let f be 4 - (10 + -2*(-2)/(-4)). Let d(g) = 5*g + 16. Let u(w) = 4*w + 17. Let o(i) = -6*d(i) + 5*u(i). List the prime factors of o(f).
3, 13
Let x be (23 - -3)*(-14)/4. Let h = -49 - x. Let q = h - 27. List the prime factors of q.
3, 5
Suppose 2*i + 3*w = -w + 180, -2*i + 4*w = -196. Let o = i - 73. What are the prime factors of o?
3, 7
Let g = 203 + 258. List the prime factors of g.
461
Suppose -7*f - a = -2*f - 19, -f - a = -3. Suppose -3*k = 10 - f. What are the prime factors of (62 - -7) + 2/k?
2, 17
What are the prime factors of 19*(1 - -3 - -8)?
2, 3, 19
Let a(y) = y**3 + 10*y**2 - 13*y - 2. Let i be ((-2)/(-4))/((-1)/12). Let l be 2/(0 + i/33). List the prime factors of a(l).
2, 5
Suppose 44*z = 21*z + 17503. List the prime factors of z.
761
What are the prime factors of (5/(-10))/(2/(-164))?
41
Let g(m) = 5*m**2 + 8*m - 4. Let y be g(5). Let o = y + -33. Suppose -4*v = -88 - o. List the prime factors of v.
2, 3
Let a(c) = -21*c - 9. Let g = -72 - -65. List the prime factors of a(g).
2, 3, 23
Let w be (-26)/(-6) + 2/(-6). Suppose -w*h - h = 0. Suppose 4*l - 43 = -3*x, h*x = 3*x + 5*l - 44. What are the prime factors of x?
13
Let p(b) = b**3 - 2*b**2 + 4*b + 2. Let n = 4 - 0. Let h be p(n). Suppose u + 0*u - h = 0. List the prime factors of u.
2, 5
Let r(a) = a**2 - a - 1. Let g(s) = 4*s**2 - 6*s + 4. Let t(z) = -g(z) + 5*r(z). What are the prime factors of t(-5)?
11
Let o(t) = 2*t**2 + 11*t - 26. What are the prime factors of o(-17)?
5, 73
Suppose 4*a + y = 1593, -5*y - 438 - 1125 = -4*a. What are the prime factors of a?
397
Suppose 8 = 2*j, -4*j = -4*t + 4 - 0. Suppose 43 + 70 = 5*d + k, -2*d + t*k = -56. List the prime factors of d.
23
Let h(i) = 3 + 3 - 11*i - 5. What are the prime factors of h(-7)?
2, 3, 13
Let p be 2/4*(-2 - -2). Suppose 20*q = 5*q + 75. Suppose p = v - 17 + q. What are the prime factors of v?
2, 3
Suppose 3*h - 5*s - 20 - 32 = 0, 0 = 2*h - 4*s - 38. What are the prime factors of h - 7 - (0/(-2) - 178)?
2, 3, 5
Let u = -6364 + 10172. What are the prime factors of u?
2, 7, 17
Suppose -4*g + 1146 = -2*g + 2*f, 2*g - f - 1155 = 0. What are the prime factors of g?
2, 3
Let r be (70/(-15))/((-4)/174). Suppose -3*c = w - r - 42, -w + c + 241 = 0. List the prime factors of w.
2, 11
Let p = -47 - -52. Suppose -320 = -p*y - 0*y. What are the prime factors of y?
2
Let r = 4 - 4. Suppose 0 = -m - r*m + 48. What are the prime factors of m?
2, 3
Let r = -11518 - -3314. Let w = r + 13747. List the prime factors of w/92 - (-3)/4.
61
Let f(x) = -2*x**2 + 18*x + 2. Let l be f(9). Suppose -2*k - 3*r + 82 + 213 = 0, 0 = l*r + 6. List the prime factors of k.
2, 19
Let k be 2/4*(2 - -234 - -2). Suppose 3*g - k = -m, -4*m + 463 + 81 = -5*g. What are the prime factors of m?
131
Let b = 533 - 386. What are the prime factors of b?
3, 7
Suppose -13 = f - 2*a, 3*a - 10 = -5*f - 2*a. Let z = f + 28. Suppose -o - z = -67. List the prime factors of o.
2, 3, 7
Let j(f) = 2*f**2 - 19*f + 9. Let m be j(-11). Suppose 4*l - 420 = m. List the prime factors of l.
2, 5, 11
Suppose j + 6874 = 4*h + 1825, -4*h = -3*j - 5059. List the prime factors of h.
13, 97
Let q be ((-6)/(-3))/(4/6). Suppose -h + 5*p = -14, h - p = -q + 33. Let g = h - 15. List the prime factors of g.
19
Let z = 316 + -90. Let h = z + -87. List the prime factors of h.
139
Let p = -140 + 249. Let u = p + -38. List the prime factors of u.
71
Suppose 153 = 2*o - l, 5*o - 330 = 5*l + 50. Let b = -4 - 50. Let k = b + o. List the prime factors of k.
23
Suppose -3*g = -4*x - 24, 5*x + 12 = -3. Suppose -f = -h - 5 - 5, -3*f + g*h + 35 = 0. Suppose 2*z + 87 = f*z. What are the prime factors of z?
29
Let y(p) = 3*p - 17. Let j be y(3). Let q be (1*-3)/((-3)/28). Let b = j + q. List the prime factors of b.
2, 5
Let a(z) = z**3 + 9*z**2 - 9*z + 13. Let l be a(-10). Suppose -l*o + 136